 -59244 + 619211. Is m composite?
False
Suppose 240 = 4*w + 4*k, w + 2*k - 55 = -0*k. Let b be 2/10 + 25402/w. Is (23 + -26)*b/(-3) composite?
True
Let i be ((-5)/(-10))/((-5)/(-30)). Suppose -4*b + i*a - 2779 = 8*a, -4*a = 3*b + 2084. Let d = -431 - b. Is d a composite number?
True
Let z be 55 + -52 - (1/(-1) + 1). Suppose -6*y + 13940 = -y - z*h, -8335 = -3*y - 4*h. Is y a composite number?
True
Let z(i) = 813*i + 60. Let l be z(21). Suppose -5*q = h - 21414, -4*q + l = 3*h - 4*h. Is q prime?
True
Suppose 0 = q + 2*y - 421857, y = -q - 2*y + 421862. Is q prime?
True
Let t(f) = f**3 - 3*f**2 - 3*f + 1. Let d be t(4). Let y be (d/4)/((-6)/(-1104)). Suppose 0 = -5*z - 5, -3*z - y = -2*b + 195. Is b a composite number?
False
Suppose 11*g - 2560 = 9*g. Suppose -2432 = -4*j + g. Suppose j = -y + 3365. Is y a prime number?
True
Let n be ((-10)/25*-7 - 2)*5. Suppose -3*g = -r - n*r + 6607, -4*r = -g - 5280. Is r prime?
True
Suppose -4*o - 25226 = 2*f, f + 27063 = -3*o + 8144. Let s = 10973 + o. Is s composite?
True
Let n = 36340 - 22367. Is n a composite number?
True
Let s(q) = 23*q**3 - 2*q**2 - 5*q - 8. Let j be (20/(-12))/(-5)*18. Let u be s(j). Let d = u - 3267. Is d a composite number?
True
Suppose 1304424 = 5*w - m, -5*m + 260890 = -12*w + 13*w. Is w composite?
True
Suppose 7*d = 577 - 563. Suppose -2*z - 5*a + 182 = -38, 0 = -a - d. Is z composite?
True
Let m(l) = -l**2 + 2*l + 5. Let h be m(0). Let n(z) = -5 - 5 - 348*z + h + 0. Is n(-2) composite?
False
Suppose -4*n + 678 + 534 = -3*c, -4*c - 1620 = -4*n. Let t(w) = 36*w**2 - 3*w + 5. Let x be t(-4). Let a = x + c. Is a a prime number?
False
Let q be 2918*80/4*12/(-15). Let o = -33109 - q. Is o prime?
False
Let s(k) = -8 + 12 - 5. Let u(m) = -124*m - 33. Let j(z) = -2*s(z) - u(z). Is j(9) prime?
True
Is (-5578420)/(-6) + (935/51 - 18) a composite number?
False
Suppose -n + 4*x = 0, -x = 2*n - 2*x. Suppose 5*i - 38703 = -5*y + 19282, n = -y - 3*i + 11597. Is y a prime number?
True
Suppose w = 12 - 3. Suppose -29034 = -w*z + 459. Is z prime?
False
Suppose 2*d + 16 = 6*d. Suppose 5*i + d*b - 28 = i, 0 = i - b - 1. Suppose -4*r - 2*l = -850, 3*r + i*l - 645 = -0*l. Is r composite?
False
Let k be -9 + -2 + 25/(-5). Is (-33)/(k - -17 - (-64)/(-58)) composite?
True
Let k(v) = -70*v**2 - 4*v - 3. Let l be k(-1). Let g = l - -73. Suppose -s + g*s = 333. Is s a prime number?
False
Let q be (15 + -4)/((-4)/248). Let s = -1564 - q. Is 6/12 + s/(-4) composite?
True
Let w = -456 - -464. Let g(d) = 60*d + 109. Is g(w) prime?
False
Let m be 4 - (2 + -4 + -52). Is (-13413)/(-5) - m/(-145) a composite number?
False
Suppose 2*q = 4*o + 33358, -18*q + 19*q - 4*o = 16685. Is q a prime number?
True
Let q = 451 - 453. Is 2*(q - -1) + 593/1 composite?
True
Let g = 408 - 10375. Let k = 15486 + g. Is k a composite number?
False
Suppose -9*o - 386510 + 1652278 = 47*o. Is o prime?
False
Suppose m - 5955 - 2347 = 0. Suppose n + 13471 = 4*v, 0 = -5*v - 3*n + m + 8558. Suppose 23*y - 20*y = v. Is y a composite number?
False
Let a(b) = b**3 + 9*b**2 + 3*b + 27. Let d be a(-9). Suppose -3*f - 4*x + 2787 = -d*x, 4*x - 4645 = -5*f. Is f a composite number?
False
Let q be 2 + 2 + -11 + 34. Let u(n) = n**3 - 21*n**2 + 111*n - 62. Is u(q) a prime number?
True
Let q(f) = -9*f**3 + 9*f**2 - 58*f + 90. Let m be q(-25). Is 45/(-30)*m/(-15) composite?
False
Suppose 50*h - 40*h - 1112530 = 0. Is h a composite number?
False
Is (440278/4 - 1)/((-60)/(-40)) composite?
False
Suppose 0 = 5*i - r - 60, i + 5*r + 24 = 3*i. Let c(d) = 450 + 469 - 24*d + i*d + 14*d. Is c(0) a prime number?
True
Suppose -418*h - 108490195 = -199895480 - 266408985. Is h a composite number?
True
Let s be 0 - (2 + (1 - 2)). Let t(r) = r**2 + 45*r - 90. Let v be t(-47). Is s/v + (-2098)/(-8) composite?
True
Let j(h) = -16980*h**3 - 3*h**2 - 29*h - 65. Is j(-3) prime?
False
Let o = 6104 - 843. Is o composite?
False
Suppose 0 = -j - 3, -25*j + 26*j + 182618 = 5*p. Is p a composite number?
False
Let d = 697346 - 270781. Is d a prime number?
False
Suppose 0 = -2*c + 2*q + 34, c + 3*c = -2*q + 44. Is 110/715 - (-168231)/c prime?
True
Let j be (1 - 0)/((-47878)/(-23938) + -2). Suppose 0 = 7*t - j + 1056. Is t prime?
True
Let t = 5031 - 2940. Suppose -5*k - 1456 = 3*o - 3563, -5*k + o + t = 0. Is k prime?
True
Let r = 41020 - 4839. Is r a composite number?
True
Suppose 41*v + 17252 - 2000 = 0. Let n = -2 - 6. Is 8/12*v/n a prime number?
True
Let c = -894 + 2933. Suppose 3*v = 5636 - c. Let s = -634 + v. Is s a composite number?
True
Let y = -11984 + 1710. Let l = y + 24547. Is l a prime number?
False
Suppose 13*i = n + 10*i - 22, 46 = 3*n - 5*i. Suppose 0 = n*j + 9*j - 76016. Is j a prime number?
True
Let u(f) = -f**3 + 14*f**2 + 14*f - 93. Let z be u(20). Let j = z - -3610. Is j composite?
True
Let r(b) = -b**3 - 3*b**2 + 5*b - 9. Let j(f) = f**2 + f. Let d(m) = -5*j(m) - r(m). Let p be d(6). Let o = 2686 + p. Is o a prime number?
False
Let g(d) = -2*d**2 + 4*d - 2. Let n be g(2). Let z(u) be the third derivative of -91*u**6/120 - u**5/60 + 5*u**4/24 + 5*u**3/6 + 64*u**2 + 2. Is z(n) prime?
True
Let n(o) = o**3 - 13*o**2 + 48*o + 55. Is n(28) a prime number?
True
Let l(d) = -883*d - 227. Is l(-78) a prime number?
False
Let w(j) = 1 - 31*j**2 - 2*j - 2*j + 34*j**2. Let s be w(2). Suppose 4*p - 3*y + 0*y = 2532, s*p - y - 3165 = 0. Is p a prime number?
False
Suppose 0 = 3*n - 2*f - 2210382, -3683996 = -5*n - 40*f + 39*f. Is n prime?
False
Let o(u) = -u**3 - 17*u**2 + 42*u - 65. Let h be o(-32). Suppose 2*f = -l + 2*l - 2795, 5*l - 4*f = h. Is l prime?
False
Let w(g) = 8366*g**3 + 3*g**2 - 2*g - 25. Is w(2) prime?
False
Suppose 448*x - 452*x - 3*r = -219497, x + 4*r - 54845 = 0. Is x a composite number?
False
Let y be (-1)/(-5) - (-58020)/25. Suppose 0 = -4*c - 5*q + 9359, -5*q - y = -4*c + 3*c. Suppose 4*r = 6*r + 5*a - 1549, 5*a = -3*r + c. Is r a prime number?
True
Let n be (-2)/10 + (-42)/(-10). Suppose 0 = -z - 3*w - 977 + 7011, 2*z - 12098 = n*w. Is z a composite number?
False
Is (-2727)/(-2) - (-150)/(-300) composite?
True
Suppose -5*t - l + 3*l = 8, 3*t + 4*l = 16. Suppose 5*h + 2*h = t. Is h - (-2 - 2) - -322 a composite number?
True
Let k be 15/10 + (0 - (-436)/8). Let r = k - 54. Is (-3)/6 + (1350/4 - r) a composite number?
True
Let b be -1 - ((-6)/(-4))/(1/2586). Let a = 3643 - b. Is a prime?
True
Let p = -88 - -53. Let h = p - -42. Is h/(28/282)*20/6 a prime number?
False
Suppose -2*w + 6 = 0, 3*w - 10 - 11 = -3*a. Let g(x) = 24*x**3 + x**2 + 15. Is g(a) composite?
False
Suppose -96688 - 84767 = -15*m. Is m composite?
False
Let c = -280572 + 568621. Is c a composite number?
False
Suppose -167*w + 172*w + s - 6572308 = 0, -5*w = 5*s - 6572320. Is w prime?
False
Suppose -2*f = -2*p - f + 81, 2*p = -5*f + 51. Suppose 8*w - 84 = 484. Suppose -d + p = -w. Is d a prime number?
True
Suppose 45*v - 40*v = -10, -4*s + 5*v + 68330 = 0. Let r = s - 8339. Is r a composite number?
False
Suppose -2*c - 5*k + 145 = -c, 0 = -4*c - 2*k + 598. Suppose -49*f = -2*h - 53*f + c, 5*h - 323 = 3*f. Is h a composite number?
False
Is (0 - 4) + 10 + 8785 a composite number?
True
Is (5 - 5344 - -16)*2/(-2) composite?
False
Let a = 47204 + 8015. Is a composite?
False
Let v(k) = 12*k**3 - 48*k**2 - 11*k - 52. Let n(z) = 13*z**3 - 50*z**2 - 13*z - 53. Let b(m) = 5*n(m) - 6*v(m). Is b(-11) composite?
True
Let z be (-2)/5 - (-336)/(-35). Is 2/z - 343824/(-145) prime?
True
Let y = -38 + 34. Let h be (-18)/y + 3/6. Is 653/h + 12/30 a prime number?
True
Let c be (-2)/((-2)/1)*-5. Let o(b) = -b + 4. Let z(p) = -223*p + 2. Let d(r) = -4*o(r) + z(r). Is d(c) composite?
True
Let q(o) = -o**2 - 72*o - 564. Let l be q(-62). Suppose 269 = 2*i - 3399. Is ((i/4)/7)/(4/l) a composite number?
True
Let s be (-20)/(-5)*1/(20/15). Let m be 0*(3 + 7/(-2)). Suppose m*k + 1131 = s*k. Is k a composite number?
True
Suppose 0 = -9*t + 456563 + 629143. Is t a composite number?
True
Suppose 0 = 2*n + 521 + 1739. Let l = n + 1651. Is l a prime number?
True
Let y(p) be the second derivative of p**4/4 - 25*p**3/6 - 59*p**2/2 - p. Let f = 13177 + -13192. Is y(f) a composite number?
False
Let j(h) = -9*h - 3. Let i be j(-7). Is 114408/i + 1/5 a composite number?
False
Suppose 28*t - 73*t + 29*t = -2790512. Is t a pri